NOAA-style Climate Reports

   V/Λ SELECT: Month and Year   OR  >   Month
2021 > Jan Feb Mar Apr May Jun Jul Aug Sep Oct Nov Dec
                   Monthly Climatological Summary for Oct 2021

Name: Trolley Line Road   City: Graniteville   State: South Carolina
Elevation: 305 ft  Lat: N 33° 34' 32"   Lon: W 081° 47' 24"

                  Temperature (°F), Rain (in), Wind Speed (kts)

                                      Heat  Cool        Avg
    Mean                              Deg   Deg         Wind                 Dom
Day Temp  High   Time   Low    Time   Days  Days  Rain  Speed High   Time    Dir
----------------------------------------------------------------------------------
01  73.0  86.0   16:49  63.0   07:34   0.2   7.7  0.00   0.0   7.0   10:05    NE
02  72.0  86.0   15:09  61.0   07:36   0.6   7.4  0.00   0.0   6.0   12:58   SSE
03  72.0  87.0   15:44  61.0   04:59   0.5   7.4  0.00   0.0   7.0   14:17   WNW
04  73.0  83.0   13:32  66.0   05:29   0.0   8.1  0.00   0.0   6.0   13:39     W
05  73.0  85.0   13:06  68.0   02:18   0.0   8.3  0.13   0.0   9.0   20:00     N
06  73.0  80.0   11:40  70.0   20:34   0.0   8.3  1.63   0.3   9.0   09:05     E
07  72.0  77.0   15:15  69.0   05:13   0.0   7.3  0.28   0.1   7.0   09:33   ENE
08  72.0  78.0   15:51  70.0   22:42   0.0   7.2  0.03   0.2   9.0   15:28   ESE
09  72.0  81.0   16:33  66.0   23:16   0.0   6.8  0.01   0.4  10.0   11:35     N
10  73.0  84.0   16:10  65.0   02:46   0.0   6.2  0.00   0.5  10.0   09:41   NNE
11  78.0  78.0   00:00  78.0   00:00   0.0   0.0  0.00   0.0   1.0   00:00     N
12  78.0  78.0   00:00  78.0   00:00   0.0   0.0  0.00   0.0   1.0   00:00     N
13  78.0  78.0   00:00  78.0   00:00   0.0   0.0  0.00   0.0   1.0   00:00     N
14  78.0  78.0   00:00  78.0   00:00   0.0   0.0  0.00   0.0   1.0   00:00     N
15  78.0  78.0   00:00  78.0   00:00   0.0   0.0  0.00   0.0   1.0   00:00     N
16  78.0  78.0   00:00  78.0   00:00   0.0   0.0  0.00   0.0   1.0   00:00     N
17  72.0  78.0   00:00  71.0   23:53   0.0   0.8  0.01   0.0   1.0   00:00     N
18  64.0  74.0   15:52  45.0   23:57   3.7   2.6  0.00   0.3  10.0   06:10     W
----------------------------------------------------------------------------------
    73.8  87.0     3    45.0    18     5.0  78.1  2.09   0.1  10.0     9      NE

Max >=  80.0  8
Max <=  32.0  0
Min <=  32.0  0
Min <=   0.0  0
Max Rain: 1.63 on day 6
Days of Rain: 6 (>= 0.01 in)  3 (>= 0.10 in)  1 (>= 1.00 in)
Heat Base: 65  Cool Base: 65  Method: Integration

Powered by Davis Vantage Pro 2 Plus with 24-Hour FARS, AIRLINK Sensors  and   CumulusMX   v 3.13.4 (b3149)   MXUI Template v 2.2.3 by  Silver Acorn     Valid HTML5